{"id":96482,"date":"2025-12-22T18:25:35","date_gmt":"2025-12-22T17:25:35","guid":{"rendered":"https:\/\/shop.thebrandcompany.net\/producto\/schutzdeckel-fuer-glaeser-und-andere-formate-2\/"},"modified":"2025-12-22T18:25:38","modified_gmt":"2025-12-22T17:25:38","slug":"schutzdeckel-fuer-glaeser-und-andere-formate-2","status":"publish","type":"product","link":"https:\/\/shop.thebrandcompany.net\/de\/producto\/schutzdeckel-fuer-glaeser-und-andere-formate-2\/","title":{"rendered":"Schutzdeckel f\u00fcr Gl\u00e4ser und andere Formate"},"content":{"rendered":"<h2>Individuell bedruckte Pappbecherh\u00fcllen: Sicherheit und Stil f\u00fcr Ihre Getr\u00e4nke<\/h2>\n<p>Die individuell bedruckten Pappbecherh\u00fcllen stellen eine innovative und stilvolle L\u00f6sung zum Schutz Ihrer Getr\u00e4nke dar.<\/p>\n<p>Indem sie als obere Abdeckung fungieren, sch\u00fctzen sie nicht nur das Getr\u00e4nk vor \u00e4u\u00dferen Elementen, sondern bieten auch eine einzigartige M\u00f6glichkeit, Ihre Marke hervorzuheben.<\/p>\n<h2>Effektiver Schutz<\/h2>\n<p>Entwickelt, um den oberen Teil der Becher zu bedecken, sch\u00fctzen diese Pappbecherh\u00fcllen den Inhalt effizient vor externen Verun<\/p>\n","protected":false},"excerpt":{"rendered":"<p>Schutzdeckel f\u00fcr Kristallgl\u00e4ser oder andere Glasarten, aus wei\u00dfem Karton in 1 Farbe anpassbar. Mit Klebeetikett.<\/p>\n","protected":false},"featured_media":0,"comment_status":"open","ping_status":"closed","template":"","meta":{"_acf_changed":false},"product_brand":[],"product_cat":[8263,8247],"product_tag":[],"class_list":{"0":"post-96482","1":"product","2":"type-product","3":"status-publish","5":"product_cat-deckel-fuer-glaeser","6":"product_cat-zubehoer-deckel-fuer-kristallglaeser","7":"pa_color-del-producto-weie-farbe-de","8":"pa_colores-personalizacion-vollfarbig-de","9":"pa_material-del-producto-papier-de","10":"pa_tipo-de-personalizacion-direktdruck-de","12":"first","13":"instock","14":"taxable","15":"shipping-taxable","16":"product-type-variable","17":"wvs-archive-product-wrapper"},"acf":[],"yoast_head":"<!-- This site is optimized with the Yoast SEO plugin v27.4 - https:\/\/yoast.com\/product\/yoast-seo-wordpress\/ -->\n<title>Schutzdeckel f\u00fcr Gl\u00e4ser und andere Formate - The Brand Company<\/title>\n<meta name=\"robots\" content=\"noindex, follow, max-snippet:-1, max-image-preview:large, max-video-preview:-1\" \/>\n<meta property=\"og:locale\" content=\"de_DE\" \/>\n<meta property=\"og:type\" content=\"article\" \/>\n<meta property=\"og:title\" content=\"Schutzdeckel f\u00fcr Gl\u00e4ser und andere Formate - The Brand Company\" \/>\n<meta property=\"og:description\" content=\"Schutzdeckel f\u00fcr Kristallgl\u00e4ser oder andere Glasarten, aus wei\u00dfem Karton in 1 Farbe anpassbar. Mit Klebeetikett.\" \/>\n<meta property=\"og:url\" content=\"https:\/\/shop.thebrandcompany.net\/de\/producto\/schutzdeckel-fuer-glaeser-und-andere-formate-2\/\" \/>\n<meta property=\"og:site_name\" content=\"The Brand Company\" \/>\n<meta property=\"article:modified_time\" content=\"2025-12-22T17:25:38+00:00\" \/>\n<meta name=\"twitter:card\" content=\"summary_large_image\" \/>\n<script type=\"application\/ld+json\" class=\"yoast-schema-graph\">{\"@context\":\"https:\\\/\\\/schema.org\",\"@graph\":[{\"@type\":\"WebPage\",\"@id\":\"https:\\\/\\\/shop.thebrandcompany.net\\\/de\\\/producto\\\/schutzdeckel-fuer-glaeser-und-andere-formate-2\\\/\",\"url\":\"https:\\\/\\\/shop.thebrandcompany.net\\\/de\\\/producto\\\/schutzdeckel-fuer-glaeser-und-andere-formate-2\\\/\",\"name\":\"Schutzdeckel f\u00fcr Gl\u00e4ser und andere Formate - The Brand Company\",\"isPartOf\":{\"@id\":\"https:\\\/\\\/shop.thebrandcompany.net\\\/de\\\/#website\"},\"datePublished\":\"2025-12-22T17:25:35+00:00\",\"dateModified\":\"2025-12-22T17:25:38+00:00\",\"breadcrumb\":{\"@id\":\"https:\\\/\\\/shop.thebrandcompany.net\\\/de\\\/producto\\\/schutzdeckel-fuer-glaeser-und-andere-formate-2\\\/#breadcrumb\"},\"inLanguage\":\"de\",\"potentialAction\":[{\"@type\":\"ReadAction\",\"target\":[\"https:\\\/\\\/shop.thebrandcompany.net\\\/de\\\/producto\\\/schutzdeckel-fuer-glaeser-und-andere-formate-2\\\/\"]}]},{\"@type\":\"BreadcrumbList\",\"@id\":\"https:\\\/\\\/shop.thebrandcompany.net\\\/de\\\/producto\\\/schutzdeckel-fuer-glaeser-und-andere-formate-2\\\/#breadcrumb\",\"itemListElement\":[{\"@type\":\"ListItem\",\"position\":1,\"name\":\"Portada\",\"item\":\"https:\\\/\\\/shop.thebrandcompany.net\\\/de\\\/\"},{\"@type\":\"ListItem\",\"position\":2,\"name\":\"Shop\",\"item\":\"https:\\\/\\\/shop.thebrandcompany.net\\\/tienda\\\/\"},{\"@type\":\"ListItem\",\"position\":3,\"name\":\"Schutzdeckel f\u00fcr Gl\u00e4ser und andere Formate\"}]},{\"@type\":\"WebSite\",\"@id\":\"https:\\\/\\\/shop.thebrandcompany.net\\\/de\\\/#website\",\"url\":\"https:\\\/\\\/shop.thebrandcompany.net\\\/de\\\/\",\"name\":\"The Brand Company\",\"description\":\"\",\"publisher\":{\"@id\":\"https:\\\/\\\/shop.thebrandcompany.net\\\/de\\\/#organization\"},\"potentialAction\":[{\"@type\":\"SearchAction\",\"target\":{\"@type\":\"EntryPoint\",\"urlTemplate\":\"https:\\\/\\\/shop.thebrandcompany.net\\\/de\\\/?s={search_term_string}\"},\"query-input\":{\"@type\":\"PropertyValueSpecification\",\"valueRequired\":true,\"valueName\":\"search_term_string\"}}],\"inLanguage\":\"de\"},{\"@type\":\"Organization\",\"@id\":\"https:\\\/\\\/shop.thebrandcompany.net\\\/de\\\/#organization\",\"name\":\"The Brand Company\",\"url\":\"https:\\\/\\\/shop.thebrandcompany.net\\\/de\\\/\",\"logo\":{\"@type\":\"ImageObject\",\"inLanguage\":\"de\",\"@id\":\"https:\\\/\\\/shop.thebrandcompany.net\\\/de\\\/#\\\/schema\\\/logo\\\/image\\\/\",\"url\":\"https:\\\/\\\/shop.thebrandcompany.net\\\/wp-content\\\/uploads\\\/2025\\\/10\\\/The-Brand-Company.png\",\"contentUrl\":\"https:\\\/\\\/shop.thebrandcompany.net\\\/wp-content\\\/uploads\\\/2025\\\/10\\\/The-Brand-Company.png\",\"width\":514,\"height\":363,\"caption\":\"The Brand Company\"},\"image\":{\"@id\":\"https:\\\/\\\/shop.thebrandcompany.net\\\/de\\\/#\\\/schema\\\/logo\\\/image\\\/\"}}]}<\/script>\n<!-- \/ Yoast SEO plugin. -->","yoast_head_json":{"title":"Schutzdeckel f\u00fcr Gl\u00e4ser und andere Formate - The Brand Company","robots":{"index":"noindex","follow":"follow","max-snippet":"max-snippet:-1","max-image-preview":"max-image-preview:large","max-video-preview":"max-video-preview:-1"},"og_locale":"de_DE","og_type":"article","og_title":"Schutzdeckel f\u00fcr Gl\u00e4ser und andere Formate - The Brand Company","og_description":"Schutzdeckel f\u00fcr Kristallgl\u00e4ser oder andere Glasarten, aus wei\u00dfem Karton in 1 Farbe anpassbar. Mit Klebeetikett.","og_url":"https:\/\/shop.thebrandcompany.net\/de\/producto\/schutzdeckel-fuer-glaeser-und-andere-formate-2\/","og_site_name":"The Brand Company","article_modified_time":"2025-12-22T17:25:38+00:00","twitter_card":"summary_large_image","schema":{"@context":"https:\/\/schema.org","@graph":[{"@type":"WebPage","@id":"https:\/\/shop.thebrandcompany.net\/de\/producto\/schutzdeckel-fuer-glaeser-und-andere-formate-2\/","url":"https:\/\/shop.thebrandcompany.net\/de\/producto\/schutzdeckel-fuer-glaeser-und-andere-formate-2\/","name":"Schutzdeckel f\u00fcr Gl\u00e4ser und andere Formate - The Brand Company","isPartOf":{"@id":"https:\/\/shop.thebrandcompany.net\/de\/#website"},"datePublished":"2025-12-22T17:25:35+00:00","dateModified":"2025-12-22T17:25:38+00:00","breadcrumb":{"@id":"https:\/\/shop.thebrandcompany.net\/de\/producto\/schutzdeckel-fuer-glaeser-und-andere-formate-2\/#breadcrumb"},"inLanguage":"de","potentialAction":[{"@type":"ReadAction","target":["https:\/\/shop.thebrandcompany.net\/de\/producto\/schutzdeckel-fuer-glaeser-und-andere-formate-2\/"]}]},{"@type":"BreadcrumbList","@id":"https:\/\/shop.thebrandcompany.net\/de\/producto\/schutzdeckel-fuer-glaeser-und-andere-formate-2\/#breadcrumb","itemListElement":[{"@type":"ListItem","position":1,"name":"Portada","item":"https:\/\/shop.thebrandcompany.net\/de\/"},{"@type":"ListItem","position":2,"name":"Shop","item":"https:\/\/shop.thebrandcompany.net\/tienda\/"},{"@type":"ListItem","position":3,"name":"Schutzdeckel f\u00fcr Gl\u00e4ser und andere Formate"}]},{"@type":"WebSite","@id":"https:\/\/shop.thebrandcompany.net\/de\/#website","url":"https:\/\/shop.thebrandcompany.net\/de\/","name":"The Brand Company","description":"","publisher":{"@id":"https:\/\/shop.thebrandcompany.net\/de\/#organization"},"potentialAction":[{"@type":"SearchAction","target":{"@type":"EntryPoint","urlTemplate":"https:\/\/shop.thebrandcompany.net\/de\/?s={search_term_string}"},"query-input":{"@type":"PropertyValueSpecification","valueRequired":true,"valueName":"search_term_string"}}],"inLanguage":"de"},{"@type":"Organization","@id":"https:\/\/shop.thebrandcompany.net\/de\/#organization","name":"The Brand Company","url":"https:\/\/shop.thebrandcompany.net\/de\/","logo":{"@type":"ImageObject","inLanguage":"de","@id":"https:\/\/shop.thebrandcompany.net\/de\/#\/schema\/logo\/image\/","url":"https:\/\/shop.thebrandcompany.net\/wp-content\/uploads\/2025\/10\/The-Brand-Company.png","contentUrl":"https:\/\/shop.thebrandcompany.net\/wp-content\/uploads\/2025\/10\/The-Brand-Company.png","width":514,"height":363,"caption":"The Brand Company"},"image":{"@id":"https:\/\/shop.thebrandcompany.net\/de\/#\/schema\/logo\/image\/"}}]}},"_links":{"self":[{"href":"https:\/\/shop.thebrandcompany.net\/de\/wp-json\/wp\/v2\/product\/96482","targetHints":{"allow":["GET"]}}],"collection":[{"href":"https:\/\/shop.thebrandcompany.net\/de\/wp-json\/wp\/v2\/product"}],"about":[{"href":"https:\/\/shop.thebrandcompany.net\/de\/wp-json\/wp\/v2\/types\/product"}],"replies":[{"embeddable":true,"href":"https:\/\/shop.thebrandcompany.net\/de\/wp-json\/wp\/v2\/comments?post=96482"}],"wp:attachment":[{"href":"https:\/\/shop.thebrandcompany.net\/de\/wp-json\/wp\/v2\/media?parent=96482"}],"wp:term":[{"taxonomy":"product_brand","embeddable":true,"href":"https:\/\/shop.thebrandcompany.net\/de\/wp-json\/wp\/v2\/product_brand?post=96482"},{"taxonomy":"product_cat","embeddable":true,"href":"https:\/\/shop.thebrandcompany.net\/de\/wp-json\/wp\/v2\/product_cat?post=96482"},{"taxonomy":"product_tag","embeddable":true,"href":"https:\/\/shop.thebrandcompany.net\/de\/wp-json\/wp\/v2\/product_tag?post=96482"}],"curies":[{"name":"wp","href":"https:\/\/api.w.org\/{rel}","templated":true}]}}

Schutzdeckel für Gläser und andere Formate

<h2>Individuell bedruckte Pappbecherhüllen: Sicherheit und Stil für Ihre Getränke</h2>
<p>Die individuell bedruckten Pappbecherhüllen stellen eine innovative und stilvolle Lösung zum Schutz Ihrer Getränke dar.</p>
<p>Indem sie als obere Abdeckung fungieren, schützen sie nicht nur das Getränk vor äußeren Elementen, sondern bieten auch eine einzigartige Möglichkeit, Ihre Marke hervorzuheben.</p>
<h2>Effektiver Schutz</h2>
<p>Entwickelt, um den oberen Teil der Becher zu bedecken, schützen diese Pappbecherhüllen den Inhalt effizient vor externen Verun</p>

<p>Schutzdeckel für Kristallgläser oder andere Glasarten, aus weißem Karton in 1 Farbe anpassbar. Mit Klebeetikett.</p>

<!-- This site is optimized with the Yoast SEO plugin v27.4 - https://yoast.com/product/yoast-seo-wordpress/ -->
<title>Schutzdeckel für Gläser und andere Formate - The Brand Company</title>
<meta name="robots" content="noindex, follow, max-snippet:-1, max-image-preview:large, max-video-preview:-1" />
<meta property="og:locale" content="de_DE" />
<meta property="og:type" content="article" />
<meta property="og:title" content="Schutzdeckel für Gläser und andere Formate - The Brand Company" />
<meta property="og:description" content="Schutzdeckel für Kristallgläser oder andere Glasarten, aus weißem Karton in 1 Farbe anpassbar. Mit Klebeetikett." />
<meta property="og:url" content="https://shop.thebrandcompany.net/de/producto/schutzdeckel-fuer-glaeser-und-andere-formate-2/" />
<meta property="og:site_name" content="The Brand Company" />
<meta property="article:modified_time" content="2025-12-22T17:25:38+00:00" />
<meta name="twitter:card" content="summary_large_image" />
<script type="application/ld+json" class="yoast-schema-graph">{"@context":"https:\/\/schema.org","@graph":[{"@type":"WebPage","@id":"https:\/\/shop.thebrandcompany.net\/de\/producto\/schutzdeckel-fuer-glaeser-und-andere-formate-2\/","url":"https:\/\/shop.thebrandcompany.net\/de\/producto\/schutzdeckel-fuer-glaeser-und-andere-formate-2\/","name":"Schutzdeckel für Gläser und andere Formate - The Brand Company","isPartOf":{"@id":"https:\/\/shop.thebrandcompany.net\/de\/#website"},"datePublished":"2025-12-22T17:25:35+00:00","dateModified":"2025-12-22T17:25:38+00:00","breadcrumb":{"@id":"https:\/\/shop.thebrandcompany.net\/de\/producto\/schutzdeckel-fuer-glaeser-und-andere-formate-2\/#breadcrumb"},"inLanguage":"de","potentialAction":[{"@type":"ReadAction","target":["https:\/\/shop.thebrandcompany.net\/de\/producto\/schutzdeckel-fuer-glaeser-und-andere-formate-2\/"]}]},{"@type":"BreadcrumbList","@id":"https:\/\/shop.thebrandcompany.net\/de\/producto\/schutzdeckel-fuer-glaeser-und-andere-formate-2\/#breadcrumb","itemListElement":[{"@type":"ListItem","position":1,"name":"Portada","item":"https:\/\/shop.thebrandcompany.net\/de\/"},{"@type":"ListItem","position":2,"name":"Shop","item":"https:\/\/shop.thebrandcompany.net\/tienda\/"},{"@type":"ListItem","position":3,"name":"Schutzdeckel für Gläser und andere Formate"}]},{"@type":"WebSite","@id":"https:\/\/shop.thebrandcompany.net\/de\/#website","url":"https:\/\/shop.thebrandcompany.net\/de\/","name":"The Brand Company","description":"","publisher":{"@id":"https:\/\/shop.thebrandcompany.net\/de\/#organization"},"potentialAction":[{"@type":"SearchAction","target":{"@type":"EntryPoint","urlTemplate":"https:\/\/shop.thebrandcompany.net\/de\/?s={search_term_string}"},"query-input":{"@type":"PropertyValueSpecification","valueRequired":true,"valueName":"search_term_string"}}],"inLanguage":"de"},{"@type":"Organization","@id":"https:\/\/shop.thebrandcompany.net\/de\/#organization","name":"The Brand Company","url":"https:\/\/shop.thebrandcompany.net\/de\/","logo":{"@type":"ImageObject","inLanguage":"de","@id":"https:\/\/shop.thebrandcompany.net\/de\/#\/schema\/logo\/image\/","url":"https:\/\/shop.thebrandcompany.net\/wp-content\/uploads\/2025\/10\/The-Brand-Company.png","contentUrl":"https:\/\/shop.thebrandcompany.net\/wp-content\/uploads\/2025\/10\/The-Brand-Company.png","width":514,"height":363,"caption":"The Brand Company"},"image":{"@id":"https:\/\/shop.thebrandcompany.net\/de\/#\/schema\/logo\/image\/"}}]}</script>
<!-- / Yoast SEO plugin. -->

Schutzdeckel für Gläser und andere Formate - The Brand Company

Schutzdeckel für Kristallgläser oder andere Glasarten, aus weißem Karton in 1 Farbe anpassbar. Mit Klebeetikett.
